{"id":14,"date":"2024-11-05T04:18:01","date_gmt":"2024-11-05T04:18:01","guid":{"rendered":"https:\/\/www.ot-mortagne.com\/?page_id=14"},"modified":"2024-11-05T04:23:51","modified_gmt":"2024-11-05T04:23:51","slug":"la-ville-basse","status":"publish","type":"page","link":"https:\/\/www.ot-mortagne.com\/?page_id=14","title":{"rendered":"La Ville Basse"},"content":{"rendered":"\n<p>A Travers les ruelles qui sillonnent entre les habitations de pierres blanches, vous d\u00e9couvrirez le calme et la beaut\u00e9 du petit bourg de Mortagne.<\/p>\n\n\n\n<p>Au\u00a0 bord de la falaise, du haut de son belv\u00e9d\u00e8re, Mortagne vous invite \u00e0 d\u00e9couvrir le plus beau point de vue sur l\u2019estuaire de la Gironde, les marais (la Camargue mortagnaise\u2026) et la c\u00f4te du M\u00e9doc.<\/p>\n\n\n\n<figure class=\"wp-block-table\"><table class=\"has-fixed-layout\"><tbody><tr><td><img loading=\"lazy\" decoding=\"async\" src=\"https:\/\/web.archive.org\/web\/20110202103713im_\/http:\/\/ot-mortagne.com\/decouverte\/images\/titre_ville-basse.jpg\" width=\"385\" height=\"50\">Laissez-vous agr\u00e9ablement s\u00e9duire par une ambiance ind\u00e9finissable due \u00e0 l\u2019exceptionnelle luminosit\u00e9 et au charme apport\u00e9 par les voiliers et les maisons en pierres locales qui ceinturent le bassin.Ici rien n\u2019est manifestement spectaculaire mais tout respire l\u2019\u00e9quilibre et la s\u00e9r\u00e9nit\u00e9.<\/td><td><img loading=\"lazy\" decoding=\"async\" src=\"https:\/\/web.archive.org\/web\/20110202103713im_\/http:\/\/ot-mortagne.com\/decouverte\/images\/port2.jpg\" width=\"395\" height=\"250\"><\/td><\/tr><\/tbody><\/table><\/figure>\n\n\n\n<figure class=\"wp-block-table\"><table class=\"has-fixed-layout\"><tbody><tr><td><img loading=\"lazy\" decoding=\"async\" src=\"https:\/\/web.archive.org\/web\/20110202103713im_\/http:\/\/ot-mortagne.com\/decouverte\/images\/port.jpg\" width=\"395\" height=\"250\"><\/td><td><strong>Port de plaisance<\/strong><br><br>Sa situation pr\u00e8s des falaises et des marais, offre une vue superbe sur le chenal. Les b\u00e2timents qui l\u2019entourent, comme la minoterie, font partie du patrimoine historique du port.&nbsp;<br><br>Depuis la \u00abrivi\u00e8re\u00bb on acc\u00e8de au bassin \u00e0 flot par un chenal d\u2019un kilom\u00e8tre environ. Le bassin \u00e0 flot peut recevoir des navires de plaisance de 5 \u00e0 19 m\u00e8tres (hauteur d\u2019eau moyenne 3 m ; 2,30 m minimum).<br>Il offre 200 places sur pontons, dont 20 pour visiteurs.Renseignements : Bureau du port T\u00e9l. : 05-46-90-63-15<\/td><\/tr><\/tbody><\/table><\/figure>\n\n\n\n<figure class=\"wp-block-table\"><table class=\"has-fixed-layout\"><tbody><tr><td><strong>Le Port de p\u00eache<br><\/strong>Les marins p\u00eacheurs mortagnais amarrent leurs bateaux dans le chenal, celui-ci dragu\u00e9 \u00e0 2,50 m.<br><br>Cet avant-port abrite 14 p\u00eacheurs professionnels, dont les bateaux ne stationnent pas toujours \u00e0 Mortagne. En effet, selon les saisons, on p\u00eache plus ou moins haut dans l\u2019estuaire.<br><br>L\u2019essentiel des ressources provient de la p\u00eache des pibales. Les pibales, ou civelles, sont des alevins d\u2019anguilles, n\u00e9s au fond de la mer des Sargasses, pr\u00e8s des Antilles. Elles se nourrissent de plancton.<\/td><td><img loading=\"lazy\" decoding=\"async\" src=\"https:\/\/web.archive.org\/web\/20110202103713im_\/http:\/\/ot-mortagne.com\/decouverte\/images\/PIBALLIER.jpg\" width=\"395\" height=\"250\"><\/td><\/tr><\/tbody><\/table><\/figure>\n\n\n\n<figure class=\"wp-block-table\"><table class=\"has-fixed-layout\"><tbody><tr><td>Un courant marin les emporte vers l\u2019Europe qu\u2019elles atteignent trois ans plus tard. Elles remontent alors les embouchures des fleuves pour s\u2019installer en eau douce.<br>Elles sont devenues carnivores et vont se d\u00e9velopper pendant une dizaine d\u2019ann\u00e9es. Puis elles entreprennent un voyage en sens inverse jusqu\u2019\u00e0 la mer des Sargasses. Six mois apr\u00e8s leur d\u00e9part, ces anguilles vont mourir, apr\u00e8s avoir pondu des milliers d\u2019\u0153ufs.<\/td><\/tr><\/tbody><\/table><\/figure>\n\n\n\n<p><\/p>\n","protected":false},"excerpt":{"rendered":"<p>A Travers les ruelles qui sillonnent entre les habitations de pierres blanches, vous d\u00e9couvrirez le calme et la beaut\u00e9 du petit bourg de Mortagne. Au\u00a0 bord de la falaise, du haut de son belv\u00e9d\u00e8re, Mortagne vous invite \u00e0 d\u00e9couvrir le plus beau point de vue sur l\u2019estuaire de la Gironde, les marais (la Camargue mortagnaise\u2026) [&hellip;]<\/p>\n","protected":false},"author":1,"featured_media":0,"parent":0,"menu_order":2,"comment_status":"closed","ping_status":"closed","template":"","meta":{"footnotes":""},"class_list":["post-14","page","type-page","status-publish","hentry"],"_links":{"self":[{"href":"https:\/\/www.ot-mortagne.com\/index.php?rest_route=\/wp\/v2\/pages\/14","targetHints":{"allow":["GET"]}}],"collection":[{"href":"https:\/\/www.ot-mortagne.com\/index.php?rest_route=\/wp\/v2\/pages"}],"about":[{"href":"https:\/\/www.ot-mortagne.com\/index.php?rest_route=\/wp\/v2\/types\/page"}],"author":[{"embeddable":true,"href":"https:\/\/www.ot-mortagne.com\/index.php?rest_route=\/wp\/v2\/users\/1"}],"replies":[{"embeddable":true,"href":"https:\/\/www.ot-mortagne.com\/index.php?rest_route=%2Fwp%2Fv2%2Fcomments&post=14"}],"version-history":[{"count":1,"href":"https:\/\/www.ot-mortagne.com\/index.php?rest_route=\/wp\/v2\/pages\/14\/revisions"}],"predecessor-version":[{"id":15,"href":"https:\/\/www.ot-mortagne.com\/index.php?rest_route=\/wp\/v2\/pages\/14\/revisions\/15"}],"wp:attachment":[{"href":"https:\/\/www.ot-mortagne.com\/index.php?rest_route=%2Fwp%2Fv2%2Fmedia&parent=14"}],"curies":[{"name":"wp","href":"https:\/\/api.w.org\/{rel}","templated":true}]}}