{"id":23,"date":"2024-11-05T04:22:46","date_gmt":"2024-11-05T04:22:46","guid":{"rendered":"https:\/\/www.ot-mortagne.com\/?page_id=23"},"modified":"2024-11-05T04:24:05","modified_gmt":"2024-11-05T04:24:05","slug":"balades","status":"publish","type":"page","link":"http:\/\/www.ot-mortagne.com\/?page_id=23","title":{"rendered":"Balades"},"content":{"rendered":"\n<p>KAYAK au port de MORTAGNE<\/p>\n\n\n\n<p>Activit\u00e9 encadr\u00e9e tout l&#8217;\u00e9t\u00e9, les lundis et mardis<br>Balade d&#8217;environ 2 h<br>Horaires en fonction des mar\u00e9es<br>Horaires &amp; tarifs, se renseigner \u00e0 l&#8217;office de tourisme.<br>Tel. : 05.46.90.52.90<\/p>\n\n\n\n<p><strong>Le bateau promenade ORIGAN vous propose :<\/strong><br>Une&nbsp;<strong>mini croisi\u00e8re<\/strong>&nbsp;de 5 heures sur l&#8217;estuaire de la Gironde (d\u00e9part Mortagne, puis Talmont, Meschers, Saint Georges de Didonne, Port M\u00e9doc (halte d&#8217;environ 1h), phare de Richard, Port Maubert, Mortagne.<br>Min. 6 pers. (Adultes : 35\u20ac &amp; Enfant 25\u20ac.)<br>Pr\u00e9voir pique-nique &amp; appareil photos<\/p>\n\n\n\n<p>Des balades en mer \/ Des journ\u00e9es p\u00eache en mer \/ Photos de mariages etc&#8230;<\/p>\n\n\n\n<p><strong>La sortie promenade :<\/strong><br>10\u20ac par personne \/ 7\u20ac pour les enfants de -13 ans<br>(les animaux sont accept\u00e9s)<\/p>\n\n\n\n<p><strong>La journ\u00e9e &#8220;PECHE EN MER&#8221; :<\/strong><br>50\u20ac par personne, appats et mat\u00e9riels fournis<br>dur\u00e9e 6 heures environ avec retour falaise de meschers, \u00e9glise de Talmont.<\/p>\n\n\n\n<p>&#8211;> Pour vos r\u00e9servations : 06 82 40 32 77<br>Cliquez ici pour t\u00e9l\u00e9charger les horaires<\/p>\n","protected":false},"excerpt":{"rendered":"<p>KAYAK au port de MORTAGNE Activit\u00e9 encadr\u00e9e tout l&#8217;\u00e9t\u00e9, les lundis et mardisBalade d&#8217;environ 2 hHoraires en fonction des mar\u00e9esHoraires &amp; tarifs, se renseigner \u00e0 l&#8217;office de tourisme.Tel. : 05.46.90.52.90 Le bateau promenade ORIGAN vous propose :Une&nbsp;mini croisi\u00e8re&nbsp;de 5 heures sur l&#8217;estuaire de la Gironde (d\u00e9part Mortagne, puis Talmont, Meschers, Saint Georges de Didonne, Port [&hellip;]<\/p>\n","protected":false},"author":1,"featured_media":0,"parent":0,"menu_order":5,"comment_status":"closed","ping_status":"closed","template":"","meta":{"footnotes":""},"class_list":["post-23","page","type-page","status-publish","hentry"],"_links":{"self":[{"href":"http:\/\/www.ot-mortagne.com\/index.php?rest_route=\/wp\/v2\/pages\/23","targetHints":{"allow":["GET"]}}],"collection":[{"href":"http:\/\/www.ot-mortagne.com\/index.php?rest_route=\/wp\/v2\/pages"}],"about":[{"href":"http:\/\/www.ot-mortagne.com\/index.php?rest_route=\/wp\/v2\/types\/page"}],"author":[{"embeddable":true,"href":"http:\/\/www.ot-mortagne.com\/index.php?rest_route=\/wp\/v2\/users\/1"}],"replies":[{"embeddable":true,"href":"http:\/\/www.ot-mortagne.com\/index.php?rest_route=%2Fwp%2Fv2%2Fcomments&post=23"}],"version-history":[{"count":1,"href":"http:\/\/www.ot-mortagne.com\/index.php?rest_route=\/wp\/v2\/pages\/23\/revisions"}],"predecessor-version":[{"id":24,"href":"http:\/\/www.ot-mortagne.com\/index.php?rest_route=\/wp\/v2\/pages\/23\/revisions\/24"}],"wp:attachment":[{"href":"http:\/\/www.ot-mortagne.com\/index.php?rest_route=%2Fwp%2Fv2%2Fmedia&parent=23"}],"curies":[{"name":"wp","href":"https:\/\/api.w.org\/{rel}","templated":true}]}}