{"id":19,"date":"2024-11-05T04:20:48","date_gmt":"2024-11-05T04:20:48","guid":{"rendered":"https:\/\/www.ot-mortagne.com\/?page_id=19"},"modified":"2024-11-05T04:24:00","modified_gmt":"2024-11-05T04:24:00","slug":"to-visites","status":"publish","type":"page","link":"http:\/\/www.ot-mortagne.com\/?page_id=19","title":{"rendered":"To Visites"},"content":{"rendered":"\n<figure class=\"wp-block-table\"><table class=\"has-fixed-layout\"><tbody><tr><td>D\u00e9couvertes puis habit\u00e9es par Saint Martial, au II\u00e8me si\u00e8cle, ces cavit\u00e9s rocheuses furent am\u00e9nag\u00e9es et utilis\u00e9es comme habitation par des moines au IV\u00e8me si\u00e8cle.<br>La mer arrivant au pied de ces falaises, les navigateurs en d\u00e9tresse pouvaient, gr\u00e2ce \u00e0 un \u00ab&nbsp;amer&nbsp;\u00bb, se rep\u00e9rer et s\u2019y r\u00e9fugier. Plus tard ces grottes servirent de refuge aux p\u00e8lerins de Saint Jacques de Compostelle.<br>En 1580, pendant les guerres de religions, les moines furent expuls\u00e9s et il fallut attendre 1698 pour qu\u2019un nouveau moine, J. Boucher, restaure et redonne vie \u00e0 ces lieux. La R\u00e9volution de 1789, chassa \u00e0 nouveau tous les religieux et en 1792, cet ermitage devint un bien national dans lequel v\u00e9curent plusieurs familles successives jusqu\u2019en 1878 ou il fut revendu \u00e0 l\u2019Ev\u00each\u00e9 auquel il appartient toujours.<\/td><td><img loading=\"lazy\" decoding=\"async\" src=\"https:\/\/web.archive.org\/web\/20110202103641im_\/http:\/\/ot-mortagne.com\/activites\/images\/ermitageext.jpg\" width=\"395\" height=\"250\">Visites guid\u00e9es avec libre participation<br>Ouvert tous les apr\u00e8s-midi d&#8217;\u00e9t\u00e9, ouvert en hiver sur rendez-vous.<br>S&#8217;adresser \u00e0 Mme Kerninon : 05.46.90.62.95.<\/td><\/tr><\/tbody><\/table><\/figure>\n\n\n\n<figure class=\"wp-block-table\"><table class=\"has-fixed-layout\"><tbody><tr><td><img loading=\"lazy\" decoding=\"async\" src=\"https:\/\/web.archive.org\/web\/20110202103641im_\/http:\/\/ot-mortagne.com\/activites\/images\/ermitagetunnel.jpg\" width=\"395\" height=\"250\"><\/td><td><strong>L&#8217;architecture<\/strong> Class\u00e9 comme l\u2019un des plus anciens sites monolithiques de France l\u2019Ermitage Saint Martial\u00a0 fut creus\u00e9 dans la falaise \u00e0 plus de trente m\u00e8tres de hauteur par les moines marins et passeurs. A l\u2019\u00e9poque o\u00f9 l\u2019estuaire baignait le pied de la falaise, le travail de ces moines consistait \u00e0 passer en barque les voyageurs sur la rive du M\u00e9doc. On acc\u00e9dait \u00e0 pied par le haut des falaises et il fallait pour p\u00e9n\u00e9trer descendre un escalier de 76 marches dont la vo\u00fbte impressionnante mesure plus de 20 m\u00e8tres de hauteur. La tour, qui servait \u00e0 la fois d\u2019amer et de clocher, surplombe l\u2019Ermitage.<br>A l\u2019int\u00e9rieur on trouve un cellier, un oratoire, une cuisine, deux dortoirs, et deux cellules.<\/td><\/tr><\/tbody><\/table><\/figure>\n\n\n\n<figure class=\"wp-block-table\"><table class=\"has-fixed-layout\"><tbody><tr><td><strong>La <\/strong>  lieu le plus saisissant est la chapelle qui ressemble beaucoup \u00e0 celle que l\u2019on trouve en Gr\u00e8ce ou en Turquie.Gr\u00e2ce \u00e0 des ouvertures judicieusement creus\u00e9es dans le roc, l\u2019autel et les statues de Saint Martial et de Saint Antoine d\u2019Egypte ne sont jamais dans l\u2019ombre quelle que soit l\u2019heure du jour.La croix copte pos\u00e9e sur l\u2019autel, la demi croix byzantine au pied de l\u2019autel et le d\u00e9ambulatoire accentuent l\u2019aspect orthodoxe et spectaculaire de cette chapelle.<\/td><td><img loading=\"lazy\" decoding=\"async\" src=\"https:\/\/web.archive.org\/web\/20110202103641im_\/http:\/\/ot-mortagne.com\/activites\/images\/Chapelle.jpg\" width=\"395\" height=\"250\"><\/td><\/tr><\/tbody><\/table><\/figure>\n","protected":false},"excerpt":{"rendered":"<p>D\u00e9couvertes puis habit\u00e9es par Saint Martial, au II\u00e8me si\u00e8cle, ces cavit\u00e9s rocheuses furent am\u00e9nag\u00e9es et utilis\u00e9es comme habitation par des moines au IV\u00e8me si\u00e8cle.La mer arrivant au pied de ces falaises, les navigateurs en d\u00e9tresse pouvaient, gr\u00e2ce \u00e0 un \u00ab&nbsp;amer&nbsp;\u00bb, se rep\u00e9rer et s\u2019y r\u00e9fugier. Plus tard ces grottes servirent de refuge aux p\u00e8lerins de [&hellip;]<\/p>\n","protected":false},"author":1,"featured_media":0,"parent":0,"menu_order":4,"comment_status":"closed","ping_status":"closed","template":"","meta":{"footnotes":""},"class_list":["post-19","page","type-page","status-publish","hentry"],"_links":{"self":[{"href":"http:\/\/www.ot-mortagne.com\/index.php?rest_route=\/wp\/v2\/pages\/19","targetHints":{"allow":["GET"]}}],"collection":[{"href":"http:\/\/www.ot-mortagne.com\/index.php?rest_route=\/wp\/v2\/pages"}],"about":[{"href":"http:\/\/www.ot-mortagne.com\/index.php?rest_route=\/wp\/v2\/types\/page"}],"author":[{"embeddable":true,"href":"http:\/\/www.ot-mortagne.com\/index.php?rest_route=\/wp\/v2\/users\/1"}],"replies":[{"embeddable":true,"href":"http:\/\/www.ot-mortagne.com\/index.php?rest_route=%2Fwp%2Fv2%2Fcomments&post=19"}],"version-history":[{"count":2,"href":"http:\/\/www.ot-mortagne.com\/index.php?rest_route=\/wp\/v2\/pages\/19\/revisions"}],"predecessor-version":[{"id":21,"href":"http:\/\/www.ot-mortagne.com\/index.php?rest_route=\/wp\/v2\/pages\/19\/revisions\/21"}],"wp:attachment":[{"href":"http:\/\/www.ot-mortagne.com\/index.php?rest_route=%2Fwp%2Fv2%2Fmedia&parent=19"}],"curies":[{"name":"wp","href":"https:\/\/api.w.org\/{rel}","templated":true}]}}