{"id":17,"date":"2024-11-05T04:19:49","date_gmt":"2024-11-05T04:19:49","guid":{"rendered":"https:\/\/www.ot-mortagne.com\/?page_id=17"},"modified":"2024-11-05T04:23:56","modified_gmt":"2024-11-05T04:23:56","slug":"artistes-locaux","status":"publish","type":"page","link":"http:\/\/www.ot-mortagne.com\/?page_id=17","title":{"rendered":"Artistes Locaux"},"content":{"rendered":"\n<p>Les marais commencent au pied des falaises mortes et s\u2019\u00e9tendent jusqu\u2019\u00e0 la Gironde. La construction d\u2019une digue en a fait des polders parcourus par un r\u00e9seau de foss\u00e9s et de canaux d\u2019irrigation ou de drainage.<\/p>\n\n\n\n<p>Au-del\u00e0 des marais envahis par les eaux saum\u00e2tres, au gr\u00e9 des mar\u00e9es de la Gironde, les prairies humides ass\u00e9ch\u00e9es et cultiv\u00e9es par l\u2019homme reste le lieu de vill\u00e9giature, aux beaux jours, des vaches et des moutons qui autrefois rejoignaient les rives du M\u00e9doc en gabare.<\/p>\n\n\n\n<p>On d\u00e9signait jusqu\u2019\u00e0 la guerre ces marais de \u00ab\u00a0vaine p\u00e2ture\u00a0\u00bb. En effet, les paysans profitaient de ces lieux humides qui \u00e9taient encore propri\u00e9t\u00e9 de l\u2019Etat.<\/p>\n\n\n\n<p>Aujourd\u2019hui, ces domaines, appel\u00e9s\u00a0Grande Roseli\u00e8re, sont pr\u00e9serv\u00e9s et permettent la pratique d\u2019un \u00e9levage de plein air o\u00f9 les animaux c\u00f4toient en toute qui\u00e9tude les aigrettes et autres oiseaux migrateurs.<\/p>\n\n\n\n<p>Ecrivain, historien, voyageur-aventurier, Jean-Marie MONTBARBUT du PLESSIS est n\u00e9 \u00e0 Mortagne sur Gironde en 1944. Il est l\u2019auteur de neuf livres inspir\u00e9s notamment par ses voyages.<\/p>\n\n\n\n<p>Par le truchement de ce dernier ouvrage impr\u00e9gn\u00e9 du terroir saintongeais qui fait revivre son esprit frondeur, ses coutumes, ses expressions imag\u00e9es, il raconte les aventures de l\u2019un de ses anc\u00eatres et d\u00e9crit la vie des habitants de cette r\u00e9gion de la Saintonge dans un langage d\u00e9suet \u00e9voquant la fin du XIX \u00e9me si\u00e8cle.<\/p>\n","protected":false},"excerpt":{"rendered":"<p>Les marais commencent au pied des falaises mortes et s\u2019\u00e9tendent jusqu\u2019\u00e0 la Gironde. La construction d\u2019une digue en a fait des polders parcourus par un r\u00e9seau de foss\u00e9s et de canaux d\u2019irrigation ou de drainage. Au-del\u00e0 des marais envahis par les eaux saum\u00e2tres, au gr\u00e9 des mar\u00e9es de la Gironde, les prairies humides ass\u00e9ch\u00e9es et [&hellip;]<\/p>\n","protected":false},"author":1,"featured_media":0,"parent":0,"menu_order":3,"comment_status":"closed","ping_status":"closed","template":"","meta":{"footnotes":""},"class_list":["post-17","page","type-page","status-publish","hentry"],"_links":{"self":[{"href":"http:\/\/www.ot-mortagne.com\/index.php?rest_route=\/wp\/v2\/pages\/17","targetHints":{"allow":["GET"]}}],"collection":[{"href":"http:\/\/www.ot-mortagne.com\/index.php?rest_route=\/wp\/v2\/pages"}],"about":[{"href":"http:\/\/www.ot-mortagne.com\/index.php?rest_route=\/wp\/v2\/types\/page"}],"author":[{"embeddable":true,"href":"http:\/\/www.ot-mortagne.com\/index.php?rest_route=\/wp\/v2\/users\/1"}],"replies":[{"embeddable":true,"href":"http:\/\/www.ot-mortagne.com\/index.php?rest_route=%2Fwp%2Fv2%2Fcomments&post=17"}],"version-history":[{"count":1,"href":"http:\/\/www.ot-mortagne.com\/index.php?rest_route=\/wp\/v2\/pages\/17\/revisions"}],"predecessor-version":[{"id":18,"href":"http:\/\/www.ot-mortagne.com\/index.php?rest_route=\/wp\/v2\/pages\/17\/revisions\/18"}],"wp:attachment":[{"href":"http:\/\/www.ot-mortagne.com\/index.php?rest_route=%2Fwp%2Fv2%2Fmedia&parent=17"}],"curies":[{"name":"wp","href":"https:\/\/api.w.org\/{rel}","templated":true}]}}